What is q(3)?
4
Let l(d) = d**2 - 7*d + 22. Give l(7).
22
Let l(r) = r**3 + 31*r**2 - 357*r - 94. Determine l(-40).
-214
Let f(n) = -n**2 + 6103*n + 6103. Determine f(-1).
-1
Let z(j) = -81*j - 40. Determine z(-1).
41
Let i(u) = -82*u - 989. Calculate i(-12).
-5
Let r(y) = -y**2 + 39*y + 212. What is r(-4)?
40
Let z(m) = -148*m - 2606. What is z(-17)?
-90
Let h(f) = 187*f - 3057. Determine h(16).
-65
Let j(x) = 5*x**2 + 52*x - 33. What is j(-11)?
0
Let q(j) = -3*j**3 + 6*j**2 + 8*j + 5. Calculate q(-4).
261
Let j(d) = 66*d - 539. What is j(9)?
55
Let h(f) = f**3 + 95*f**2 - 15*f - 1493. Give h(-95).
-68
Let p(r) = 44*r - 165. What is p(6)?
99
Let s(d) = -2*d**2 - 272*d - 1313. What is s(-131)?
-3
Let x(h) = 74*h - 238. What is x(3)?
-16
Let p(h) = -19*h**3 + 9*h**2 - 7*h. Calculate p(1).
-17
Let b(s) = -s**2 - 41*s + 1006. What is b(-58)?
20
Let b(l) = -l**3 - 8*l**2 + 30*l - 15. Calculate b(-11).
18
Let s(x) = -12*x**3 - 5*x**2 - 92*x + 94. What is s(1)?
-15
Let f(v) = v**3 + 27*v**2 - 81*v - 662. Calculate f(-29).
5
Let j(g) = -2*g**2 - 552*g - 4335. Determine j(-8).
-47
Let n(i) = 3*i**2 - 291*i - 312. Give n(98).
-18
Let k(f) = -195*f - 21637. Determine k(-111).
8
Let b(o) = 2*o**2 - 1067*o + 86372. Calculate b(434).
6
Let t(k) = k**2 + 24*k + 8. Calculate t(-14).
-132
Let v(q) = 71*q + 227. Determine v(-3).
14
Let h(i) = 12834*i + 205347. Give h(-16).
3
Let c(q) = -q**3 + 10*q**2 + 66*q + 154. What is c(15)?
19
Let t(f) = -70*f + 1084. Give t(16).
-36
Let q(l) = -565*l - 4027. Give q(-7).
-72
Let t(r) = 2*r**3 + 28*r**2 + 18*r + 19. Determine t(-6).
487
Let m(w) = 3*w**2 - 21*w - 61. Give m(9).
-7
Let p(z) = -z**2 - 120*z - 2026. Give p(-21).
53
Let r(h) = 9*h + 271. Give r(2).
289
Let v(a) = -2330*a + 16307. Calculate v(7).
-3
Let t(b) = -37426*b + 74852. Determine t(2).
0
Let t(q) = -2*q**3 - 132*q**2 - 829*q - 180. What is t(-59)?
-3
Let f(j) = -j**2 + 21*j + 961. Calculate f(-22).
15
Let v(y) = 31*y**3 - 2*y**2 + y - 1. Determine v(1).
29
Let z(p) = -2170*p + 8674. What is z(4)?
-6
Let k(w) = -51*w - 2201. Determine k(-43).
-8
Let o(k) = -k**2 - 186*k - 3887. Give o(-24).
1
Let w(t) = -545*t - 13059. Determine w(-24).
21
Let a(f) = -106*f**3 + 7*f**2 + 10*f + 1. Calculate a(-1).
104
Let v(d) = -95*d - 12345. What is v(-130)?
5
Let l(h) = h**3 - 34*h**2 - 84*h + 83. Calculate l(36).
-349
Let j(w) = w**3 - 19*w**2 + 22*w + 18. Give j(17).
-186
Let s(w) = -w**2 - 265*w - 3510. What is s(-14)?
4
Let y(u) = -4*u**3 + 55*u**2 + 15*u - 39. What is y(14)?
-25
Let d(n) = -141*n**2 - 176*n + 177. Calculate d(1).
-140
Let g(r) = -r**3 + r**2 - 65*r - 1102. Give g(-8).
-6
Let m(g) = 5635*g - 16899. Determine m(3).
6
Let d(p) = -85*p + 2127. Give d(24).
87
Let i(d) = d**3 - 39*d**2 + 378*d + 9. Give i(18).
9
Let w(k) = -4*k - 84. Give w(-8).
-52
Let v(z) = 103*z + 26. Calculate v(-1).
-77
Let j(n) = n**3 - 30*n**2 + 57*n - 94. Give j(28).
-66
Let f(q) = -118*q + 17654. Give f(150).
-46
Let a(y) = -2*y**2 - 178*y - 688. Give a(-85).
-8
Let q(b) = b**3 - 111*b**2 - 705*b - 25. Determine q(-6).
-7
Let g(t) = -1461*t - 5850. Give g(-4).
-6
Let n(x) = x**3 + 16*x**2 - 14*x + 51. What is n(-17)?
0
Let g(a) = 436*a + 2260. Determine g(-5).
80
Let o(f) = 42*f + 217. Give o(-5).
7
Let w(n) = -63*n**2 - 17*n - 33. Determine w(-2).
-251
Let u(x) = -x**3 - 12*x**2 - 25*x - 36. Determine u(-10).
14
Let p(m) = 63*m - 121. Give p(2).
5
Let r(g) = 2697*g - 40449. What is r(15)?
6
Let l(d) = -18*d**2 + 17*d + 48. Give l(-3).
-165
Let i(u) = 2*u**3 + 15*u**2 + 8*u + 179. Determine i(-8).
51
Let d(b) = -85*b + 220. Determine d(3).
-35
Let p(a) = -521*a - 7287. What is p(-14)?
7
Let q(d) = -183*d + 1528. What is q(9)?
-119
Let s(q) = q**2 + 44*q + 247. Give s(-22).
-237
Let f(r) = -4*r**3 + 2*r**2 + 16*r + 8. Give f(6).
-688
Let l(h) = -h**2 + 292*h + 291. Determine l(-1).
-2
Let n(w) = -1519*w + 10637. What is n(7)?
4
Let v(w) = w**2 - 59*w + 437. What is v(11)?
-91
Let m(g) = 444*g + 5310. What is m(-12)?
-18
Let j(a) = 3*a**2 + 49*a + 94. Determine j(-7).
-102
Let b(v) = -185*v + 6481. Determine b(35).
6
Let o(c) = -5*c**3 - 3*c**2 + c + 11. What is o(-2)?
37
Let h(y) = -3*y**3 - y**2 - 10*y - 2. Determine h(4).
-250
Let f(y) = -12*y**2 + 65*y + 42. What is f(6)?
0
Let z(k) = -3*k**2 - 604*k + 1217. Determine z(2).
-3
Let t(h) = -2*h**3 + h - 10. Give t(3).
-61
Let y(r) = -2*r**2 + 48*r - 301. Give y(12).
-13
Let g(d) = 3*d**2 - 134*d + 1284. Calculate g(31).
13
Let w(j) = j**2 - 45*j - 3167. Give w(-38).
-13
Let f(o) = 68*o**2 - 52*o - 7. Give f(2).
161
Let l(c) = 1341*c - 17440. Determine l(13).
-7
Let o(j) = -j**2 - 23*j + 581. Calculate o(-33).
251
Let q(w) = -7*w**2 + 21*w - 55. Calculate q(3).
-55
Let o(y) = y**2 + 73*y + 777. Determine o(-13).
-3
Let h(y) = 733*y + 57899. What is h(-79)?
-8
Let o(x) = -95*x - 1435. Calculate o(-14).
-105
Let d(v) = v**3 + 20*v**2 + 28*v + 173. Calculate d(-19).
2
Let u(k) = k**3 + 12*k**2 + 12*k + 19. Calculate u(-10).
99
Let a(z) = -z**2 + 36*z - 250. Determine a(26).
10
Let z(x) = 14*x + 10. Give z(4).
66
Let d(a) = 87*a - 1536. Give d(18).
30
Let b(k) = -k**3 - 12*k**2 + 18*k + 16. Give b(-16).
752
Let q(o) = -o**3 - 10*o**2 - 168*o - 1214. What is q(-8)?
2
Let c(t) = 221*t - 9315. Give c(42).
-33
Let s(f) = 503*f + 4006. Determine s(-8).
-18
Let n(f) = 764*f + 5353. Give n(-7).
5
Let s(t) = 17*t - 1935. What is s(112)?
-31
Let s(z) = 2*z**3 + 51*z**2 + z + 145. Calculate s(-25).
745
Let k(a) = -6*a**2 + 292*a + 111. Calculate k(49).
13
Let r(n) = -n**3 - 9*n**2 - 9*n - 312. Calculate r(-10).
-122
Let v(t) = -2*t**3 + 15*t**2 + 9*t + 27. Determine v(9).
-135
Let m(s) = -182*s + 3025. What is m(17)?
-69
Let t(s) = s**3 - 20*s**2 + 94*s - 1886. Calculate t(20).
-6
Let s(o) = -3*o**2 + 2*o + 113. Calculate s(9).
-112
Let n(y) = -332*y - 3329. Give n(-10).
-9
Let j(s) = -2*s**3 - 46*s**2 - 179*s + 5. Give j(-5).
0
Let s(z) = 27*z**3 - 4*z**2 - 5*z - 2. What is s(-1)?
-28
Let m(a) = -4945*a**2 - 98901*a - 26. Give m(-20).
-6
Let b(n) = -10*n**2 - 9*n + 9. Determine b(0).
9
Let s(j) = -j**3 - 14*j**2 - 32*j - 3. Calculate s(-6).
-99
Let i(g) = g**2 - 160*g + 898. What is i(6)?
-26
Let l(n) = 2*n**3 - 19*n**2 + 28*n + 9. Calculate l(7).
-40
Let v(k) = 2*k**3 - 31*k**2 + 17*k + 65. What is v(15)?
95
Let l(t) = -2*t**3 + 107*t**2 - 88*t + 1865. Calculate l(53).
10
Let s(n) = 4*n**2 - n. Determine s(4).
60
Let k(j) = -6*j - 29. Calculate k(-6).
7
Let j(p) = -5*p**2 - 102*p - 12. What is j(-20)?
28
Let f(a) = 2*a**3 + 98*a**2 - 206*a - 96. What is f(-51)?
6
Let z(r) = 181*r - 196. Give z(1).
-15
Let l(y) = -2*y**3 - 93*y**2 + 243*y - 44. What is l(-49)?
54
Let h(w) = -w**2 - 36*w - 62. Give h(-34).
6
Let v(n) = -441*n - 19367. Determine v(-44).
37
Let u(a) = 2*a**2 + 2604*a - 15677. Calculate u(6).
19
Let t(j) = 8*j**2 + 11*j + 2. Give t(3).
107
Let a(k) = 175*k + 152. What is a(-1)?
-23
Let o(y) = 9*y**3 - 2086*y**2 - 463*y - 237. Determine o(232).
-5
Let h(m) = 5*m**2 - 164*m - 4997. Determine h(52).
-5
Let b(y) = -119*y + 260. Determine b(3).
-97
Let o(n) = n**3 - 56*n**2 + 344*n - 9. Give o(7).
-2
Let p(k) = -5*k**2 - 5*k - 1. What is p(-5)?
-101
Let f(v) = -23*v**3 + 484*v**2 - 9*v - 42. Give f(21).
210
Let z(b) = 298*b + 4665. Determine z(-16).
-103
Let m(g) = -g**2 + 89*g + 21. Give m(87).
195
Let t(q) = -q**3 + 17*q**2 + 35*q + 53. Give t(19).
-4
Let m(b) = b**3 + 34*b**2 - 122*b - 421. Calculate m(-37).
-14
Let w(s) = -s**3 + 6*s**2 + 98. Give w(8).
-30
Let w(s) = -s**2 + 520*s - 45398. Give w(111).
1
Let q(l) = -39*l - 985. Determine q(-25).
-10
Let j(y) = y**2 + 34*y + 123. What is j(-4)?
3
Let h(x) = -x**3 + 5*x**2 + 10*x - 7. Calculate h(6).
17
Let s(k) = -125*k + 601. Determine s(5).
-24
Let a(i) = -6*i**2 + 95*i + 52. What is a(18)?
-182
Let y(f) = 371*f**2 + 3*f + 3. Determine y(-1).
371
Let p(n) = 4*n**3 - 6*n**2 - 20*n + 64. Determine p(3).
58
Let t(o) = -19*o**2 + 26*o + 13. Give t(3).
-80
Let w(z) = -6*z - 280. What is w(-39)?
-46
Let c(b) = -630*b - 3806. What is c(-6)?
-26
Let q(h) = 4*h - 77. Determine q(-21).
-161
Let t(v) = -v**3 + 66*v**2 - 78*v + 842. What is t(65)?
-3
Let r(o) = -21*o + 432. Give r(7).
285
Let b(o) = 15*o**2 + 31*o + 7. Calculate b(-4).
123
Let b(t) = 2*t**2 + 79*t - 256. Calculate 